{"id":62,"date":"2026-01-30T16:26:13","date_gmt":"2026-01-30T15:26:13","guid":{"rendered":"https:\/\/www.digitalmate.fr\/en-toute-humanite\/?page_id=62"},"modified":"2026-01-30T17:58:41","modified_gmt":"2026-01-30T16:58:41","slug":"auteur","status":"publish","type":"page","link":"https:\/\/www.digitalmate.fr\/en-toute-humanite\/auteur\/","title":{"rendered":"Auteur"},"content":{"rendered":"\t\t<div data-elementor-type=\"wp-page\" data-elementor-id=\"62\" class=\"elementor elementor-62\" data-elementor-post-type=\"page\">\n\t\t\t\t\t\t<section class=\"elementor-section elementor-top-section elementor-element elementor-element-7d2f5e23 elementor-section-height-min-height elementor-section-boxed elementor-section-height-default elementor-section-items-middle\" data-id=\"7d2f5e23\" data-element_type=\"section\" data-settings=\"{&quot;background_background&quot;:&quot;classic&quot;}\">\n\t\t\t\t\t\t<div class=\"elementor-container elementor-column-gap-default\">\n\t\t\t\t\t<div class=\"elementor-column elementor-col-50 elementor-top-column elementor-element elementor-element-702a6a56\" data-id=\"702a6a56\" data-element_type=\"column\">\n\t\t\t<div class=\"elementor-widget-wrap elementor-element-populated\">\n\t\t\t\t\t\t<div class=\"elementor-element elementor-element-24c042ae elementor-widget elementor-widget-heading\" data-id=\"24c042ae\" data-element_type=\"widget\" data-widget_type=\"heading.default\">\n\t\t\t\t\t<h1 class=\"elementor-heading-title elementor-size-default\">Auteur<br><\/h1>\t\t\t\t<\/div>\n\t\t\t\t\t<\/div>\n\t\t<\/div>\n\t\t\t\t<div class=\"elementor-column elementor-col-50 elementor-top-column elementor-element elementor-element-6d5ce3bf\" data-id=\"6d5ce3bf\" data-element_type=\"column\">\n\t\t\t<div class=\"elementor-widget-wrap\">\n\t\t\t\t\t\t\t<\/div>\n\t\t<\/div>\n\t\t\t\t\t<\/div>\n\t\t<\/section>\n\t\t\t\t<section class=\"elementor-section elementor-top-section elementor-element elementor-element-60747737 elementor-reverse-mobile elementor-section-boxed elementor-section-height-default elementor-section-height-default\" data-id=\"60747737\" data-element_type=\"section\">\n\t\t\t\t\t\t<div class=\"elementor-container elementor-column-gap-default\">\n\t\t\t\t\t<div class=\"elementor-column elementor-col-50 elementor-top-column elementor-element elementor-element-3eff60af\" data-id=\"3eff60af\" data-element_type=\"column\">\n\t\t\t<div class=\"elementor-widget-wrap elementor-element-populated\">\n\t\t\t\t\t\t<div class=\"elementor-element elementor-element-132b0064 elementor-invisible elementor-widget elementor-widget-image\" data-id=\"132b0064\" data-element_type=\"widget\" data-settings=\"{&quot;_animation&quot;:&quot;fadeIn&quot;}\" data-widget_type=\"image.default\">\n\t\t\t\t\t\t\t\t\t\t\t\t\t\t\t<img fetchpriority=\"high\" decoding=\"async\" width=\"683\" height=\"1024\" src=\"https:\/\/www.digitalmate.fr\/en-toute-humanite\/wp-content\/uploads\/2026\/01\/Jerome-683x1024.jpg\" class=\"attachment-large size-large wp-image-20\" alt=\"\" srcset=\"https:\/\/www.digitalmate.fr\/en-toute-humanite\/wp-content\/uploads\/2026\/01\/Jerome-683x1024.jpg 683w, https:\/\/www.digitalmate.fr\/en-toute-humanite\/wp-content\/uploads\/2026\/01\/Jerome-200x300.jpg 200w, https:\/\/www.digitalmate.fr\/en-toute-humanite\/wp-content\/uploads\/2026\/01\/Jerome-768x1152.jpg 768w, https:\/\/www.digitalmate.fr\/en-toute-humanite\/wp-content\/uploads\/2026\/01\/Jerome.jpg 800w\" sizes=\"(max-width: 683px) 100vw, 683px\" \/>\t\t\t\t\t\t\t\t\t\t\t\t\t\t\t<\/div>\n\t\t\t\t\t<\/div>\n\t\t<\/div>\n\t\t\t\t<div class=\"elementor-column elementor-col-50 elementor-top-column elementor-element elementor-element-255b1ce7 elementor-invisible\" data-id=\"255b1ce7\" data-element_type=\"column\" data-settings=\"{&quot;animation&quot;:&quot;fadeIn&quot;,&quot;animation_delay&quot;:200}\">\n\t\t\t<div class=\"elementor-widget-wrap elementor-element-populated\">\n\t\t\t\t\t\t<div class=\"elementor-element elementor-element-7ae9231e elementor-widget elementor-widget-heading\" data-id=\"7ae9231e\" data-element_type=\"widget\" data-widget_type=\"heading.default\">\n\t\t\t\t\t<h2 class=\"elementor-heading-title elementor-size-default\">J\u00e9r\u00f4me Coutou<\/h2>\t\t\t\t<\/div>\n\t\t\t\t<div class=\"elementor-element elementor-element-74b39dfb elementor-widget elementor-widget-text-editor\" data-id=\"74b39dfb\" data-element_type=\"widget\" data-widget_type=\"text-editor.default\">\n\t\t\t\t\t\t\t\t\t<p class=\"p1\">Consultant en innovations technologiques (intelligence artificielle, technologies immersives et robotique) et en transformation des entreprises,<\/p><p class=\"p1\">Intervenant aupr\u00e8s de grands groupes, de PME et ETI avec plus de 3 000 entrepreneurs sensibilis\u00e9s et accompagn\u00e9s.<\/p><p class=\"p1\">Expert BPI et expert APM. Professeur &amp; concepteur du programme IA \u2013 PGE INSEEC.<\/p><p class=\"p1\">Fondateur et associ\u00e9 des agences de transformation et de growth hacking : DIGITAL\u00a0<span style=\"font-size: 1rem;\">MATE &amp; MAX-ECOM.<\/span><\/p><p class=\"p1\">Co-fondateur de Humy-bot.<\/p><p class=\"p1\">Associ\u00e9 dans plusieurs autres structures digitales.<\/p><p class=\"p1\">Livres pr\u00e9c\u00e9dents :<\/p><p class=\"p1\">2022 &#8211; La plus grande r\u00e9volution de toute l\u2019histoire de l\u2019humanit\u00e9, co-\u00e9crit avec Anne Beaufum\u00e9 et J\u00e9r\u00f4me Bondu<\/p><p class=\"p1\">2025 &#8211; Les sens de l\u2019IA, co-\u00e9crit avec Nathalie Granier<\/p>\t\t\t\t\t\t\t\t<\/div>\n\t\t\t\t\t<\/div>\n\t\t<\/div>\n\t\t\t\t\t<\/div>\n\t\t<\/section>\n\t\t\t\t<section class=\"elementor-section elementor-top-section elementor-element elementor-element-345a0463 elementor-reverse-mobile elementor-section-boxed elementor-section-height-default elementor-section-height-default\" data-id=\"345a0463\" data-element_type=\"section\">\n\t\t\t\t\t\t<div class=\"elementor-container elementor-column-gap-default\">\n\t\t\t\t\t<div class=\"elementor-column elementor-col-100 elementor-top-column elementor-element elementor-element-31cabd26 elementor-invisible\" data-id=\"31cabd26\" data-element_type=\"column\" data-settings=\"{&quot;animation&quot;:&quot;fadeIn&quot;,&quot;animation_delay&quot;:200}\">\n\t\t\t<div class=\"elementor-widget-wrap elementor-element-populated\">\n\t\t\t\t\t\t<div class=\"elementor-element elementor-element-79e6e02f elementor-widget elementor-widget-heading\" data-id=\"79e6e02f\" data-element_type=\"widget\" data-widget_type=\"heading.default\">\n\t\t\t\t\t<h2 class=\"elementor-heading-title elementor-size-default\">Participation au livre <\/h2>\t\t\t\t<\/div>\n\t\t\t\t<div class=\"elementor-element elementor-element-4e2c458e elementor-widget elementor-widget-text-editor\" data-id=\"4e2c458e\" data-element_type=\"widget\" data-widget_type=\"text-editor.default\">\n\t\t\t\t\t\t\t\t\t<p><span style=\"color: #02559e;\">Cr\u00e9ation maquette et iconographie :<\/span><\/p>\n<p>Gr\u00e9gory DAYON, DIGITAL MATE<br>Illustrations : Digital Mate, ChatGPT<\/p>\n<p><\/p>\n<p><span style=\"color: #02559e;\">Nos partenaires :<\/span><\/p>\n<p>Un grand merci pour leur confiance \u00e0 Jean-Pierre Clastre (<span style=\"color: var( --e-global-color-text ); font-size: 1rem;\">Groupe SCATLER<\/span><span style=\"color: var( --e-global-color-text ); font-size: 1rem;\">) et pour leur soutien : Stanislas d&rsquo;Anthonay (ELLIPSE AFFICHAGE)&nbsp;<\/span><\/p>\n<p><\/p>\n<p><span style=\"color: #02559e;\">Remerciements :<\/span><\/p>\n<p><span style=\"color: var( --e-global-color-text ); font-size: 1rem;\">Nous remercions chaleureusement toutes les personnes qui nous ont aid\u00e9 \u00e0 r\u00e9aliser ce livre, et notamment nos relecteurs&nbsp;: Christian &amp; Isabelle, Pierre-Antoine, Eric, Elise, Nathalie, Bastien, Gregory, Daniel, Luc, Michel, Philippe, Marc-Andr\u00e9, Jean-Damien, \u2026<\/span><\/p>\t\t\t\t\t\t\t\t<\/div>\n\t\t\t\t\t<\/div>\n\t\t<\/div>\n\t\t\t\t\t<\/div>\n\t\t<\/section>\n\t\t\t\t<\/div>\n\t\t","protected":false},"excerpt":{"rendered":"<p>Auteur J\u00e9r\u00f4me Coutou Consultant en innovations technologiques (intelligence artificielle, technologies immersives et robotique) et en transformation des entreprises, Intervenant aupr\u00e8s de grands groupes, de PME et ETI avec plus de 3 000 entrepreneurs sensibilis\u00e9s et accompagn\u00e9s. Expert BPI et expert APM. Professeur &amp; concepteur du programme IA \u2013 PGE INSEEC. Fondateur et associ\u00e9 des agences [&hellip;]<\/p>\n","protected":false},"author":1,"featured_media":0,"parent":0,"menu_order":0,"comment_status":"closed","ping_status":"closed","template":"elementor_header_footer","meta":{"footnotes":""},"class_list":["post-62","page","type-page","status-publish","hentry"],"_links":{"self":[{"href":"https:\/\/www.digitalmate.fr\/en-toute-humanite\/wp-json\/wp\/v2\/pages\/62","targetHints":{"allow":["GET"]}}],"collection":[{"href":"https:\/\/www.digitalmate.fr\/en-toute-humanite\/wp-json\/wp\/v2\/pages"}],"about":[{"href":"https:\/\/www.digitalmate.fr\/en-toute-humanite\/wp-json\/wp\/v2\/types\/page"}],"author":[{"embeddable":true,"href":"https:\/\/www.digitalmate.fr\/en-toute-humanite\/wp-json\/wp\/v2\/users\/1"}],"replies":[{"embeddable":true,"href":"https:\/\/www.digitalmate.fr\/en-toute-humanite\/wp-json\/wp\/v2\/comments?post=62"}],"version-history":[{"count":8,"href":"https:\/\/www.digitalmate.fr\/en-toute-humanite\/wp-json\/wp\/v2\/pages\/62\/revisions"}],"predecessor-version":[{"id":141,"href":"https:\/\/www.digitalmate.fr\/en-toute-humanite\/wp-json\/wp\/v2\/pages\/62\/revisions\/141"}],"wp:attachment":[{"href":"https:\/\/www.digitalmate.fr\/en-toute-humanite\/wp-json\/wp\/v2\/media?parent=62"}],"curies":[{"name":"wp","href":"https:\/\/api.w.org\/{rel}","templated":true}]}}